{"id":563,"date":"2013-11-08T17:50:19","date_gmt":"2013-11-08T17:50:19","guid":{"rendered":"http:\/\/janamakeup.com.br\/?page_id=563"},"modified":"2022-06-14T15:47:25","modified_gmt":"2022-06-14T18:47:25","slug":"sobre","status":"publish","type":"page","link":"http:\/\/janamakeup.com.br\/blog\/sobre\/","title":{"rendered":"Sobre"},"content":{"rendered":"<p><a href=\"https:\/\/janamakeup.com.br\/blog\/wp-content\/uploads\/2013\/11\/quemsoueu.jpg\"><img loading=\"lazy\" decoding=\"async\" class=\"aligncenter size-full wp-image-1828\" src=\"https:\/\/janamakeup.com.br\/blog\/wp-content\/uploads\/2013\/11\/quemsoueu.jpg\" alt=\"quemsoueu\" width=\"1600\" height=\"1059\" srcset=\"http:\/\/janamakeup.com.br\/blog\/wp-content\/uploads\/2013\/11\/quemsoueu.jpg 1600w, http:\/\/janamakeup.com.br\/blog\/wp-content\/uploads\/2013\/11\/quemsoueu-300x198.jpg 300w, http:\/\/janamakeup.com.br\/blog\/wp-content\/uploads\/2013\/11\/quemsoueu-1024x677.jpg 1024w\" sizes=\"auto, (max-width: 1600px) 100vw, 1600px\" \/><\/a><\/p>\n<p>Meu nome \u00e9 <strong>Jana\u00edna Isabel da Silva e tenho 20 anos<\/strong> &#8211; quase 21 (N\u00e3o, pera. Ainda falta 1 ano). Sou nascida e moro em Joinville\/Santa Catarina (A 6\u00aa cidade que mais chove no MUNDO!), formada em fotografia h\u00e1 dois anos pelo Centro Europeu de Santa Catarina. Apaixonada por m\u00fasica, fotografia, viagens, maquiagem, moda, meu labrador Jack, meu noivo Otto e frango com batatas! \u2665 Tenho sonhos que pretendo realizar at\u00e9 meus 90 anos, tais como: Dar a volta ao mundo e conhecer muitos lugares e culturas diferentes, construir uma fam\u00edlia, e continuar fazendo o que eu amo todos os dias!<\/p>\n<p><a href=\"https:\/\/janamakeup.com.br\/blog\/wp-content\/uploads\/2013\/11\/comotudocomecou1.jpg\"><img loading=\"lazy\" decoding=\"async\" class=\"aligncenter size-full wp-image-1827\" src=\"https:\/\/janamakeup.com.br\/blog\/wp-content\/uploads\/2013\/11\/comotudocomecou1.jpg\" alt=\"comotudocomecou\" width=\"1600\" height=\"1382\" srcset=\"http:\/\/janamakeup.com.br\/blog\/wp-content\/uploads\/2013\/11\/comotudocomecou1.jpg 1600w, http:\/\/janamakeup.com.br\/blog\/wp-content\/uploads\/2013\/11\/comotudocomecou1-300x259.jpg 300w, http:\/\/janamakeup.com.br\/blog\/wp-content\/uploads\/2013\/11\/comotudocomecou1-1024x884.jpg 1024w\" sizes=\"auto, (max-width: 1600px) 100vw, 1600px\" \/><\/a><\/p>\n<p>Tudo come\u00e7ou num belo dia, quando estava &#8220;fu\u00e7ando&#8221; na internet em busca de um novo blush. Encontrei v\u00e1rios tutoriais em v\u00eddeo, de meninas ensinando a maquiar e nem preciso dizer o quanto fiquei encantada n\u00e9? Era um universo totalmente novo se abrindo diante a mim. Fiquei por muito tempo apenas assistindo e praticando, at\u00e9 que resolvi criar meu pr\u00f3prio canal e compartilhar tudo o que eu havia aprendido e v\u00e1rias outras coisas que eu mesma sabia. Fiquei surpresa quando me deparei com 100 inscritos no canal. E depois 500. E depois 1000. E depois 20.000. E c\u00e1 estamos n\u00f3s com mais de 150 mil seguidoras e seguidores lindos que me acompanham diariamente!<\/p>\n<p>Senti muita necessidade de ter outro espa\u00e7o para dividir meus conhecimentos com as pessoas que me seguiam. V\u00e1rias leitoras e empresas parceiras sugeriram a cria\u00e7\u00e3o do blog, para complementar o trabalho que era feito no Youtube. <strong>E assim nasceu o blog Jana Make Up no dia 29\/04\/2011, com quase 3 anos de exist\u00eancia!<\/strong> Aqui eu compartilho todas as coisas que eu mais gosto, como uma esp\u00e9cia de di\u00e1rio virtual. Looks do dia, tutoriais de maquiagem, experi\u00eancias com produtos que testei e amei, vlogs de viagens e muito mais!<\/p>\n<p><a href=\"https:\/\/janamakeup.com.br\/blog\/wp-content\/uploads\/2013\/11\/looks.jpg\"><img loading=\"lazy\" decoding=\"async\" class=\"aligncenter size-full wp-image-1825\" src=\"https:\/\/janamakeup.com.br\/blog\/wp-content\/uploads\/2013\/11\/looks.jpg\" alt=\"looks\" width=\"740\" height=\"742\" srcset=\"http:\/\/janamakeup.com.br\/blog\/wp-content\/uploads\/2013\/11\/looks.jpg 740w, http:\/\/janamakeup.com.br\/blog\/wp-content\/uploads\/2013\/11\/looks-150x150.jpg 150w, http:\/\/janamakeup.com.br\/blog\/wp-content\/uploads\/2013\/11\/looks-300x300.jpg 300w\" sizes=\"auto, (max-width: 740px) 100vw, 740px\" \/><\/a><\/p>\n<p>O blog j\u00e1 fechou parceria e realizou trabalhos com diversas empresas e marcas bacanas, tais como: <strong>O Botic\u00e1rio, Natura, Petite Jolie, P&amp;G, Damyller<\/strong> entre muitas outras! Fui vencedora da 2\u00aa Batalha de Makes da revista <strong>Capricho<\/strong> em parceria com O Botic\u00e1rio em 2012 e como pr\u00eamio, \u00a0pude conhecer a cidade mais rom\u00e2ntica do mundo e um dos maiores polos da moda: PARIS!\u00a0\u2665<\/p>\n<p><span style=\"color: #ff99cc;\">Confira algumas mat\u00e9rias:<\/span><\/p>\n<ul>\n<li>S\u00e9rie Blogueiras &#8211;<span style=\"color: #ff99cc;\"> Natura<\/span><\/li>\n<\/ul>\n<p><iframe loading=\"lazy\" src=\"\/\/www.youtube.com\/embed\/pnGaIjRNs9Y\" width=\"740\" height=\"450\" frameborder=\"0\" allowfullscreen=\"allowfullscreen\"><\/iframe><\/p>\n<ul>\n<li style=\"list-style-type: none;\">\n<ul>\n<li>\u00a0Batalha de Makes Capricho &#8211; <span style=\"color: #ff99cc;\">Sadi Consati e Jana\u00edna Isabel<\/span><\/li>\n<\/ul>\n<\/li>\n<\/ul>\n<p><iframe loading=\"lazy\" src=\"\/\/www.youtube.com\/embed\/HKD9TMmoebE\" width=\"740\" height=\"450\" frameborder=\"0\" allowfullscreen=\"allowfullscreen\"><\/iframe><\/p>\n<p><span style=\"color: #ff99cc;\">\u00a0Clipping:<\/span><\/p>\n<p><a href=\"https:\/\/janamakeup.com.br\/blog\/wp-content\/uploads\/2013\/11\/clipping1.jpg\"><img loading=\"lazy\" decoding=\"async\" class=\"aligncenter size-full wp-image-1831\" src=\"https:\/\/janamakeup.com.br\/blog\/wp-content\/uploads\/2013\/11\/clipping1.jpg\" alt=\"clipping\" width=\"758\" height=\"1249\" srcset=\"http:\/\/janamakeup.com.br\/blog\/wp-content\/uploads\/2013\/11\/clipping1.jpg 758w, http:\/\/janamakeup.com.br\/blog\/wp-content\/uploads\/2013\/11\/clipping1-182x300.jpg 182w, http:\/\/janamakeup.com.br\/blog\/wp-content\/uploads\/2013\/11\/clipping1-621x1024.jpg 621w\" sizes=\"auto, (max-width: 758px) 100vw, 758px\" \/><\/a><\/p>\n<p>Semifinalista do concurso Torcida Linda de O Botic\u00e1rio em 2014 com participa\u00e7\u00e3o no programa &#8220;A hora do Faro&#8221; na Record!<\/p>\n<p><iframe loading=\"lazy\" src=\"\/\/www.youtube.com\/embed\/6E_lf76Nkkk\" width=\"740\" height=\"450\" frameborder=\"0\" allowfullscreen=\"allowfullscreen\"><\/iframe><\/p>\n<p>Ganhou o pr\u00eamio &#8220;Silver Play Button&#8221; do Youtube por ultrapassar a marca de 100 mil inscritos no canal!<\/p>\n<p><a href=\"https:\/\/janamakeup.com.br\/blog\/wp-content\/uploads\/2013\/11\/10300093_738872856155722_3983828226330221257_n.jpg\"><img loading=\"lazy\" decoding=\"async\" class=\"aligncenter size-full wp-image-3964\" src=\"https:\/\/janamakeup.com.br\/blog\/wp-content\/uploads\/2013\/11\/10300093_738872856155722_3983828226330221257_n.jpg\" alt=\"10300093_738872856155722_3983828226330221257_n\" width=\"640\" height=\"640\" srcset=\"http:\/\/janamakeup.com.br\/blog\/wp-content\/uploads\/2013\/11\/10300093_738872856155722_3983828226330221257_n.jpg 640w, http:\/\/janamakeup.com.br\/blog\/wp-content\/uploads\/2013\/11\/10300093_738872856155722_3983828226330221257_n-150x150.jpg 150w, http:\/\/janamakeup.com.br\/blog\/wp-content\/uploads\/2013\/11\/10300093_738872856155722_3983828226330221257_n-300x300.jpg 300w\" sizes=\"auto, (max-width: 640px) 100vw, 640px\" \/><\/a><\/p>\n<p>Vlogger do canal &#8220;All Thigs Hair Brasil&#8221; com mais de 2 milh\u00f5es de views:<\/p>\n<p><iframe loading=\"lazy\" src=\"\/\/www.youtube.com\/embed\/W2p34DVfQ54\" width=\"740\" height=\"450\" frameborder=\"0\" allowfullscreen=\"allowfullscreen\"><\/iframe><\/p>\n<p><span style=\"color: #333333;\">Me encontre nas redes sociais:<\/span><\/p>\n<p><a href=\"http:\/\/www.youtube.com\/janamakeup\">Youtube<\/a> &#8211; <a href=\"https:\/\/twitter.com\/BlogJanaMakeUp\">Twitter<\/a> &#8211; <a href=\"https:\/\/www.facebook.com\/BlogJanaMakeUp\">Facebook<\/a> &#8211; <a href=\"http:\/\/instagram.com\/janamake\">Instagram<\/a><\/p>\n<p>&nbsp;<\/p>\n<!--CusAds0-->\n<div style=\"font-size: 0px; height: 0px; line-height: 0px; margin: 0; padding: 0; clear: both;\"><\/div>","protected":false},"excerpt":{"rendered":"<p>Meu nome \u00e9 Jana\u00edna Isabel da Silva e tenho 20 anos &#8211; quase 21 (N\u00e3o, pera. Ainda falta 1 ano). Sou nascida e moro em Joinville\/Santa Catarina (A 6\u00aa cidade que mais chove no MUNDO!), formada em fotografia h\u00e1 dois anos pelo Centro Europeu de Santa Catarina. Apaixonada por m\u00fasica, fotografia, viagens, maquiagem, moda, meu [&hellip;]<\/p>\n","protected":false},"author":1,"featured_media":0,"parent":0,"menu_order":0,"comment_status":"open","ping_status":"open","template":"","meta":{"footnotes":""},"class_list":["post-563","page","type-page","status-publish","hentry"],"_links":{"self":[{"href":"http:\/\/janamakeup.com.br\/blog\/wp-json\/wp\/v2\/pages\/563","targetHints":{"allow":["GET"]}}],"collection":[{"href":"http:\/\/janamakeup.com.br\/blog\/wp-json\/wp\/v2\/pages"}],"about":[{"href":"http:\/\/janamakeup.com.br\/blog\/wp-json\/wp\/v2\/types\/page"}],"author":[{"embeddable":true,"href":"http:\/\/janamakeup.com.br\/blog\/wp-json\/wp\/v2\/users\/1"}],"replies":[{"embeddable":true,"href":"http:\/\/janamakeup.com.br\/blog\/wp-json\/wp\/v2\/comments?post=563"}],"version-history":[{"count":9,"href":"http:\/\/janamakeup.com.br\/blog\/wp-json\/wp\/v2\/pages\/563\/revisions"}],"predecessor-version":[{"id":5400,"href":"http:\/\/janamakeup.com.br\/blog\/wp-json\/wp\/v2\/pages\/563\/revisions\/5400"}],"wp:attachment":[{"href":"http:\/\/janamakeup.com.br\/blog\/wp-json\/wp\/v2\/media?parent=563"}],"curies":[{"name":"wp","href":"https:\/\/api.w.org\/{rel}","templated":true}]}}

<p><a href="https://janamakeup.com.br/blog/wp-content/uploads/2013/11/quemsoueu.jpg"><img loading="lazy" decoding="async" class="aligncenter size-full wp-image-1828" src="https://janamakeup.com.br/blog/wp-content/uploads/2013/11/quemsoueu.jpg" alt="quemsoueu" width="1600" height="1059" srcset="http://janamakeup.com.br/blog/wp-content/uploads/2013/11/quemsoueu.jpg 1600w, http://janamakeup.com.br/blog/wp-content/uploads/2013/11/quemsoueu-300x198.jpg 300w, http://janamakeup.com.br/blog/wp-content/uploads/2013/11/quemsoueu-1024x677.jpg 1024w" sizes="auto, (max-width: 1600px) 100vw, 1600px" /></a></p>
<p>Meu nome é <strong>Janaína Isabel da Silva e tenho 20 anos</strong> &#8211; quase 21 (Não, pera. Ainda falta 1 ano). Sou nascida e moro em Joinville/Santa Catarina (A 6ª cidade que mais chove no MUNDO!), formada em fotografia há dois anos pelo Centro Europeu de Santa Catarina. Apaixonada por música, fotografia, viagens, maquiagem, moda, meu labrador Jack, meu noivo Otto e frango com batatas! ♥ Tenho sonhos que pretendo realizar até meus 90 anos, tais como: Dar a volta ao mundo e conhecer muitos lugares e culturas diferentes, construir uma família, e continuar fazendo o que eu amo todos os dias!</p>
<p><a href="https://janamakeup.com.br/blog/wp-content/uploads/2013/11/comotudocomecou1.jpg"><img loading="lazy" decoding="async" class="aligncenter size-full wp-image-1827" src="https://janamakeup.com.br/blog/wp-content/uploads/2013/11/comotudocomecou1.jpg" alt="comotudocomecou" width="1600" height="1382" srcset="http://janamakeup.com.br/blog/wp-content/uploads/2013/11/comotudocomecou1.jpg 1600w, http://janamakeup.com.br/blog/wp-content/uploads/2013/11/comotudocomecou1-300x259.jpg 300w, http://janamakeup.com.br/blog/wp-content/uploads/2013/11/comotudocomecou1-1024x884.jpg 1024w" sizes="auto, (max-width: 1600px) 100vw, 1600px" /></a></p>
<p>Tudo começou num belo dia, quando estava &#8220;fuçando&#8221; na internet em busca de um novo blush. Encontrei vários tutoriais em vídeo, de meninas ensinando a maquiar e nem preciso dizer o quanto fiquei encantada né? Era um universo totalmente novo se abrindo diante a mim. Fiquei por muito tempo apenas assistindo e praticando, até que resolvi criar meu próprio canal e compartilhar tudo o que eu havia aprendido e várias outras coisas que eu mesma sabia. Fiquei surpresa quando me deparei com 100 inscritos no canal. E depois 500. E depois 1000. E depois 20.000. E cá estamos nós com mais de 150 mil seguidoras e seguidores lindos que me acompanham diariamente!</p>
<p>Senti muita necessidade de ter outro espaço para dividir meus conhecimentos com as pessoas que me seguiam. Várias leitoras e empresas parceiras sugeriram a criação do blog, para complementar o trabalho que era feito no Youtube. <strong>E assim nasceu o blog Jana Make Up no dia 29/04/2011, com quase 3 anos de existência!</strong> Aqui eu compartilho todas as coisas que eu mais gosto, como uma espécia de diário virtual. Looks do dia, tutoriais de maquiagem, experiências com produtos que testei e amei, vlogs de viagens e muito mais!</p>
<p><a href="https://janamakeup.com.br/blog/wp-content/uploads/2013/11/looks.jpg"><img loading="lazy" decoding="async" class="aligncenter size-full wp-image-1825" src="https://janamakeup.com.br/blog/wp-content/uploads/2013/11/looks.jpg" alt="looks" width="740" height="742" srcset="http://janamakeup.com.br/blog/wp-content/uploads/2013/11/looks.jpg 740w, http://janamakeup.com.br/blog/wp-content/uploads/2013/11/looks-150x150.jpg 150w, http://janamakeup.com.br/blog/wp-content/uploads/2013/11/looks-300x300.jpg 300w" sizes="auto, (max-width: 740px) 100vw, 740px" /></a></p>
<p>O blog já fechou parceria e realizou trabalhos com diversas empresas e marcas bacanas, tais como: <strong>O Boticário, Natura, Petite Jolie, P&amp;G, Damyller</strong> entre muitas outras! Fui vencedora da 2ª Batalha de Makes da revista <strong>Capricho</strong> em parceria com O Boticário em 2012 e como prêmio,  pude conhecer a cidade mais romântica do mundo e um dos maiores polos da moda: PARIS! ♥</p>
<p><span style="color: #ff99cc;">Confira algumas matérias:</span></p>
<ul>
<li>Série Blogueiras &#8211;<span style="color: #ff99cc;"> Natura</span></li>
</ul>
<p><iframe loading="lazy" src="//www.youtube.com/embed/pnGaIjRNs9Y" width="740" height="450" frameborder="0" allowfullscreen="allowfullscreen"></iframe></p>
<ul>
<li style="list-style-type: none;">
<ul>
<li> Batalha de Makes Capricho &#8211; <span style="color: #ff99cc;">Sadi Consati e Janaína Isabel</span></li>
</ul>
</li>
</ul>
<p><iframe loading="lazy" src="//www.youtube.com/embed/HKD9TMmoebE" width="740" height="450" frameborder="0" allowfullscreen="allowfullscreen"></iframe></p>
<p><span style="color: #ff99cc;"> Clipping:</span></p>
<p><a href="https://janamakeup.com.br/blog/wp-content/uploads/2013/11/clipping1.jpg"><img loading="lazy" decoding="async" class="aligncenter size-full wp-image-1831" src="https://janamakeup.com.br/blog/wp-content/uploads/2013/11/clipping1.jpg" alt="clipping" width="758" height="1249" srcset="http://janamakeup.com.br/blog/wp-content/uploads/2013/11/clipping1.jpg 758w, http://janamakeup.com.br/blog/wp-content/uploads/2013/11/clipping1-182x300.jpg 182w, http://janamakeup.com.br/blog/wp-content/uploads/2013/11/clipping1-621x1024.jpg 621w" sizes="auto, (max-width: 758px) 100vw, 758px" /></a></p>
<p>Semifinalista do concurso Torcida Linda de O Boticário em 2014 com participação no programa &#8220;A hora do Faro&#8221; na Record!</p>
<p><iframe loading="lazy" src="//www.youtube.com/embed/6E_lf76Nkkk" width="740" height="450" frameborder="0" allowfullscreen="allowfullscreen"></iframe></p>
<p>Ganhou o prêmio &#8220;Silver Play Button&#8221; do Youtube por ultrapassar a marca de 100 mil inscritos no canal!</p>
<p><a href="https://janamakeup.com.br/blog/wp-content/uploads/2013/11/10300093_738872856155722_3983828226330221257_n.jpg"><img loading="lazy" decoding="async" class="aligncenter size-full wp-image-3964" src="https://janamakeup.com.br/blog/wp-content/uploads/2013/11/10300093_738872856155722_3983828226330221257_n.jpg" alt="10300093_738872856155722_3983828226330221257_n" width="640" height="640" srcset="http://janamakeup.com.br/blog/wp-content/uploads/2013/11/10300093_738872856155722_3983828226330221257_n.jpg 640w, http://janamakeup.com.br/blog/wp-content/uploads/2013/11/10300093_738872856155722_3983828226330221257_n-150x150.jpg 150w, http://janamakeup.com.br/blog/wp-content/uploads/2013/11/10300093_738872856155722_3983828226330221257_n-300x300.jpg 300w" sizes="auto, (max-width: 640px) 100vw, 640px" /></a></p>
<p>Vlogger do canal &#8220;All Thigs Hair Brasil&#8221; com mais de 2 milhões de views:</p>
<p><iframe loading="lazy" src="//www.youtube.com/embed/W2p34DVfQ54" width="740" height="450" frameborder="0" allowfullscreen="allowfullscreen"></iframe></p>
<p><span style="color: #333333;">Me encontre nas redes sociais:</span></p>
<p><a href="http://www.youtube.com/janamakeup">Youtube</a> &#8211; <a href="https://twitter.com/BlogJanaMakeUp">Twitter</a> &#8211; <a href="https://www.facebook.com/BlogJanaMakeUp">Facebook</a> &#8211; <a href="http://instagram.com/janamake">Instagram</a></p>
<p>&nbsp;</p>
<!--CusAds0-->
<div style="font-size: 0px; height: 0px; line-height: 0px; margin: 0; padding: 0; clear: both;"></div>

<p>Meu nome é Janaína Isabel da Silva e tenho 20 anos &#8211; quase 21 (Não, pera. Ainda falta 1 ano). Sou nascida e moro em Joinville/Santa Catarina (A 6ª cidade que mais chove no MUNDO!), formada em fotografia há dois anos pelo Centro Europeu de Santa Catarina. Apaixonada por música, fotografia, viagens, maquiagem, moda, meu [&hellip;]</p>
